{"id":761,"date":"2026-03-10T08:14:33","date_gmt":"2026-03-10T08:14:33","guid":{"rendered":"https:\/\/www.scanlabpraha.cz\/?page_id=761"},"modified":"2026-03-29T15:11:34","modified_gmt":"2026-03-29T15:11:34","slug":"novinky-v-nasi-nabidce-nove-sluzby-apod","status":"publish","type":"page","link":"https:\/\/www.scanlabpraha.cz\/?page_id=761","title":{"rendered":"Novinky v na\u0161\u00ed nab\u00eddce, nov\u00e9 slu\u017eby apod."},"content":{"rendered":"\n<figure class=\"wp-block-table\"><table class=\"has-pale-cyan-blue-background-color has-background\"><tbody><tr><td>29.3.2026<\/td><td>Dle \u010detn\u00fdch dotaz\u016f ohledn\u011b oscilometrick\u00e9 metody m\u011b\u0159en\u00ed u p\u0159\u00edstroj\u016f Viasonix Falxon m\u00e1me pro V\u00e1s velice p\u0159\u00edjemnou zpr\u00e1vu. S novou verz\u00ed softwaru bude mo\u017eno, pro jednotliv\u00e1 m\u011b\u0159en\u00ed, vyu\u017e\u00edvat foto-pletysmografick\u00e9 senzory, ale tak\u00e9 oscilometrick\u00e9 m\u011b\u0159en\u00ed. T\u00edm se Viasonix Falcon st\u00e1v\u00e1 jedin\u00fdm syst\u00e9mem, kter\u00fd tyto metody m\u011b\u0159en\u00ed kombinuje a bude jen na V\u00e1s, jakou metodu m\u011b\u0159en\u00ed si vyberete.<\/td><\/tr><tr><td>10.3.2026<\/td><td>V\u00e1\u017een\u00ed z\u00e1kazn\u00edci zo Slovenska, po novom m\u00e1me u v\u00e1s obchodn\u00e9ho z\u00e1stupcu, ktor\u00fd v\u00e1m ur\u010dite vyjde v \u00fastrety.<\/td><\/tr><tr><td>2.3.2026<\/td><td>Nab\u00edz\u00edme V\u00e1m ov\u011b\u0159ov\u00e1n\u00ed tonometr\u016f, a to u n\u00e1s v AMS Scanlab Praha, ale i na Va\u0161em pracovi\u0161ti.<\/td><\/tr><\/tbody><\/table><\/figure>\n\n\n\n<p><\/p>\n","protected":false},"excerpt":{"rendered":"<p>29.3.2026 Dle \u010detn\u00fdch dotaz\u016f ohledn\u011b oscilometrick\u00e9 metody m\u011b\u0159en\u00ed u p\u0159\u00edstroj\u016f Viasonix Falxon m\u00e1me pro V\u00e1s velice p\u0159\u00edjemnou zpr\u00e1vu. S novou verz\u00ed softwaru bude mo\u017eno, pro jednotliv\u00e1 m\u011b\u0159en\u00ed, vyu\u017e\u00edvat foto-pletysmografick\u00e9 senzory, ale tak\u00e9 oscilometrick\u00e9 m\u011b\u0159en\u00ed. T\u00edm se Viasonix Falcon st\u00e1v\u00e1 jedin\u00fdm syst\u00e9mem, kter\u00fd tyto metody m\u011b\u0159en\u00ed kombinuje a bude jen na V\u00e1s, jakou metodu m\u011b\u0159en\u00ed si [&hellip;]<\/p>\n","protected":false},"author":1,"featured_media":0,"parent":0,"menu_order":0,"comment_status":"closed","ping_status":"closed","template":"","meta":{"iawp_total_views":13,"footnotes":""},"class_list":["post-761","page","type-page","status-publish","hentry"],"jetpack_sharing_enabled":true,"_links":{"self":[{"href":"https:\/\/www.scanlabpraha.cz\/index.php?rest_route=\/wp\/v2\/pages\/761","targetHints":{"allow":["GET"]}}],"collection":[{"href":"https:\/\/www.scanlabpraha.cz\/index.php?rest_route=\/wp\/v2\/pages"}],"about":[{"href":"https:\/\/www.scanlabpraha.cz\/index.php?rest_route=\/wp\/v2\/types\/page"}],"author":[{"embeddable":true,"href":"https:\/\/www.scanlabpraha.cz\/index.php?rest_route=\/wp\/v2\/users\/1"}],"replies":[{"embeddable":true,"href":"https:\/\/www.scanlabpraha.cz\/index.php?rest_route=%2Fwp%2Fv2%2Fcomments&post=761"}],"version-history":[{"count":7,"href":"https:\/\/www.scanlabpraha.cz\/index.php?rest_route=\/wp\/v2\/pages\/761\/revisions"}],"predecessor-version":[{"id":772,"href":"https:\/\/www.scanlabpraha.cz\/index.php?rest_route=\/wp\/v2\/pages\/761\/revisions\/772"}],"wp:attachment":[{"href":"https:\/\/www.scanlabpraha.cz\/index.php?rest_route=%2Fwp%2Fv2%2Fmedia&parent=761"}],"curies":[{"name":"wp","href":"https:\/\/api.w.org\/{rel}","templated":true}]}}